{"id":213,"date":"2019-07-26T17:09:22","date_gmt":"2019-07-26T17:09:22","guid":{"rendered":"https:\/\/martina-fricke.com\/wordpress\/?page_id=213"},"modified":"2021-01-05T19:26:25","modified_gmt":"2021-01-05T19:26:25","slug":"mein-coaching","status":"publish","type":"page","link":"https:\/\/www.martina-fricke.com\/index.php\/mein-coaching\/","title":{"rendered":"Mein Coaching"},"content":{"rendered":"<div id='full_slider_1'  class='avia-fullwidth-slider main_color avia-shadow   avia-builder-el-0  el_before_av_section  avia-builder-el-first   container_wrap fullsize'  ><div  class='avia-slideshow av-jyg5qfmd-8fecb30350ab41f0388364ab9209e296 avia-slideshow-featured av_slideshow_full avia-slide-slider av-slideshow-ui av-control-default av-slideshow-manual av-loop-once av-loop-manual-endless av-default-height-applied   avia-slideshow-1' data-slideshow-options=\"{&quot;animation&quot;:&quot;slide&quot;,&quot;autoplay&quot;:false,&quot;loop_autoplay&quot;:&quot;once&quot;,&quot;interval&quot;:5,&quot;loop_manual&quot;:&quot;manual-endless&quot;,&quot;autoplay_stopper&quot;:false,&quot;noNavigation&quot;:false,&quot;bg_slider&quot;:false,&quot;keep_padding&quot;:false,&quot;hoverpause&quot;:false,&quot;show_slide_delay&quot;:0}\"  itemprop=\"image\" itemscope=\"itemscope\" itemtype=\"https:\/\/schema.org\/ImageObject\" ><ul class='avia-slideshow-inner ' style='padding-bottom: 28.666666666667%;'><li  class='avia-slideshow-slide av-jyg5qfmd-8fecb30350ab41f0388364ab9209e296__0  av-single-slide slide-1 slide-odd'><div data-rel='slideshow-1' class='avia-slide-wrap '   ><img decoding=\"async\" fetchpriority=\"high\" class=\"wp-image-33 avia-img-lazy-loading-not-33\"  src=\"https:\/\/www.martina-fricke.com\/wp-content\/uploads\/2019\/07\/Header_evtl-1500x430.png\" width=\"1500\" height=\"430\" title='Coaching Martina Fricke Deutschland - Header' alt=''  itemprop=\"thumbnailUrl\"   \/><\/div><\/li><\/ul><\/div><\/div>\n\n<style type=\"text\/css\" data-created_by=\"avia_inline_auto\" id=\"style-css-av-jyj11d3h-4c64fcffec4f182d000bda456c6b5601\">\n.avia-section.av-jyj11d3h-4c64fcffec4f182d000bda456c6b5601{\nbackground-repeat:no-repeat;\nbackground-image:url(https:\/\/www.martina-fricke.com\/wp-content\/uploads\/2019\/07\/colour-1885352_1920-1030x728.jpg);\nbackground-position:0% 0%;\nbackground-attachment:fixed;\n}\n.avia-section.av-jyj11d3h-4c64fcffec4f182d000bda456c6b5601 .av-section-color-overlay{\nopacity:0.2;\nbackground-color:#000000;\n}\n<\/style>\n<div id='av_section_1'  class='avia-section av-jyj11d3h-4c64fcffec4f182d000bda456c6b5601 main_color avia-section-small avia-no-border-styling  avia-builder-el-1  el_after_av_slideshow_full  el_before_av_hr  avia-full-stretch avia-bg-style-fixed av-section-color-overlay-active av-minimum-height av-minimum-height-custom av-height-custom  container_wrap fullsize'  data-section-bg-repeat='stretch' data-av_minimum_height_px='5'><div class=\"av-section-color-overlay-wrap\"><div class=\"av-section-color-overlay\"><\/div><div class='container av-section-cont-open' style='height:5px'><div class='template-page content  av-content-full alpha units'><div class='post-entry post-entry-type-page post-entry-213'><div class='entry-content-wrapper clearfix'>\n\n<style type=\"text\/css\" data-created_by=\"avia_inline_auto\" id=\"style-css-av-jziji6fi-209bcb3312dc6dae56c4c38895941a07\">\n#top .av-special-heading.av-jziji6fi-209bcb3312dc6dae56c4c38895941a07{\nmargin:0 0 0 0;\npadding-bottom:0;\ncolor:#ffffff;\nfont-size:29px;\n}\nbody .av-special-heading.av-jziji6fi-209bcb3312dc6dae56c4c38895941a07 .av-special-heading-tag .heading-char{\nfont-size:25px;\n}\n#top #wrap_all .av-special-heading.av-jziji6fi-209bcb3312dc6dae56c4c38895941a07 .av-special-heading-tag{\nfont-size:29px;\n}\n.av-special-heading.av-jziji6fi-209bcb3312dc6dae56c4c38895941a07 .special-heading-inner-border{\nborder-color:#ffffff;\n}\n.av-special-heading.av-jziji6fi-209bcb3312dc6dae56c4c38895941a07 .av-subheading{\nfont-size:15px;\n}\n\n@media only screen and (min-width: 480px) and (max-width: 767px){ \n#top #wrap_all .av-special-heading.av-jziji6fi-209bcb3312dc6dae56c4c38895941a07 .av-special-heading-tag{\nfont-size:0.8em;\n}\n}\n\n@media only screen and (max-width: 479px){ \n#top #wrap_all .av-special-heading.av-jziji6fi-209bcb3312dc6dae56c4c38895941a07 .av-special-heading-tag{\nfont-size:0.8em;\n}\n}\n<\/style>\n<div  class='av-special-heading av-jziji6fi-209bcb3312dc6dae56c4c38895941a07 av-special-heading-h3 custom-color-heading blockquote modern-quote modern-centered  avia-builder-el-2  avia-builder-el-no-sibling  av-inherit-size'><h3 class='av-special-heading-tag '  itemprop=\"headline\"  >Die Potentialentdeckerin <span class='special_amp'>&amp;<\/span> Life Coach<\/h3><div class=\"special-heading-border\"><div class=\"special-heading-inner-border\"><\/div><\/div><\/div>\n<\/div><\/div><\/div><!-- close content main div --><\/div><\/div><\/div><div id='after_section_1'  class='main_color av_default_container_wrap container_wrap fullsize'  ><div class='container av-section-cont-open' ><div class='template-page content  av-content-full alpha units'><div class='post-entry post-entry-type-page post-entry-213'><div class='entry-content-wrapper clearfix'>\n<div  class='hr av-j44jh-01af31fdc67fa0af18ddcd63c5142428 hr-default  avia-builder-el-3  el_after_av_section  el_before_av_one_fourth  avia-builder-el-first '><span class='hr-inner '><span class=\"hr-inner-style\"><\/span><\/span><\/div>\n\n<style type=\"text\/css\" data-created_by=\"avia_inline_auto\" id=\"style-css-av-qvvj1-26332885a2195aef6ef5f268d932ef52\">\n.flex_column.av-qvvj1-26332885a2195aef6ef5f268d932ef52{\nborder-radius:0px 0px 0px 0px;\npadding:0px 0px 0px 0px;\n}\n<\/style>\n<div  class='flex_column av-qvvj1-26332885a2195aef6ef5f268d932ef52 av_one_fourth  avia-builder-el-4  el_after_av_hr  el_before_av_one_half  first flex_column_div av-zero-column-padding  '     ><\/div>\n\n<style type=\"text\/css\" data-created_by=\"avia_inline_auto\" id=\"style-css-av-jv04t-b17b49bdaa397da0ab224c17776a937e\">\n.flex_column.av-jv04t-b17b49bdaa397da0ab224c17776a937e{\nborder-radius:0px 0px 0px 0px;\npadding:0px 0px 0px 0px;\n}\n<\/style>\n<div  class='flex_column av-jv04t-b17b49bdaa397da0ab224c17776a937e av_one_half  avia-builder-el-5  el_after_av_one_fourth  el_before_av_one_fourth  flex_column_div av-zero-column-padding  '     ><style type=\"text\/css\" data-created_by=\"avia_inline_auto\" id=\"style-css-av-jzguby94-7da7594841c6c2fe7936d057ea7cd486\">\n#top .av-special-heading.av-jzguby94-7da7594841c6c2fe7936d057ea7cd486{\nmargin:0 0 25px 0;\npadding-bottom:10px;\ncolor:#7f030c;\nfont-size:29px;\n}\nbody .av-special-heading.av-jzguby94-7da7594841c6c2fe7936d057ea7cd486 .av-special-heading-tag .heading-char{\nfont-size:25px;\n}\n#top #wrap_all .av-special-heading.av-jzguby94-7da7594841c6c2fe7936d057ea7cd486 .av-special-heading-tag{\nfont-size:29px;\n}\n.av-special-heading.av-jzguby94-7da7594841c6c2fe7936d057ea7cd486 .special-heading-inner-border{\nborder-color:#7f030c;\n}\n.av-special-heading.av-jzguby94-7da7594841c6c2fe7936d057ea7cd486 .av-subheading{\nfont-size:15px;\n}\n\n@media only screen and (min-width: 480px) and (max-width: 767px){ \n#top #wrap_all .av-special-heading.av-jzguby94-7da7594841c6c2fe7936d057ea7cd486 .av-special-heading-tag{\nfont-size:0.8em;\n}\n}\n\n@media only screen and (max-width: 479px){ \n#top #wrap_all .av-special-heading.av-jzguby94-7da7594841c6c2fe7936d057ea7cd486 .av-special-heading-tag{\nfont-size:0.8em;\n}\n}\n<\/style>\n<div  class='av-special-heading av-jzguby94-7da7594841c6c2fe7936d057ea7cd486 av-special-heading-h3 custom-color-heading blockquote modern-quote modern-centered  avia-builder-el-6  avia-builder-el-no-sibling  av-inherit-size'><h3 class='av-special-heading-tag '  itemprop=\"headline\"  >Warum ich gerne Coach bin!<br \/>\nWas ist mir beim Coaching so wichtig!<\/h3><div class=\"special-heading-border\"><div class=\"special-heading-inner-border\"><\/div><\/div><\/div><\/div>\n\n<style type=\"text\/css\" data-created_by=\"avia_inline_auto\" id=\"style-css-av-9v6fh-a04631e486c44efee2ab022dcd5a5034\">\n.flex_column.av-9v6fh-a04631e486c44efee2ab022dcd5a5034{\nborder-radius:0px 0px 0px 0px;\npadding:0px 0px 0px 0px;\n}\n<\/style>\n<div  class='flex_column av-9v6fh-a04631e486c44efee2ab022dcd5a5034 av_one_fourth  avia-builder-el-7  el_after_av_one_half  el_before_av_hr  flex_column_div av-zero-column-padding  '     ><\/div>\n<div  class='hr av-jynavme9-e2b5843e2332e607f97c738a89e724ab hr-short  avia-builder-el-8  el_after_av_one_fourth  el_before_av_one_fourth  hr-center'><span class='hr-inner '><span class=\"hr-inner-style\"><\/span><\/span><\/div>\n\n<style type=\"text\/css\" data-created_by=\"avia_inline_auto\" id=\"style-css-av-kvwu5-d80db79c6881cdf574abffa8e1e25e59\">\n.flex_column.av-kvwu5-d80db79c6881cdf574abffa8e1e25e59{\nborder-radius:0px 0px 0px 0px;\npadding:0px 0px 0px 0px;\n}\n<\/style>\n<div  class='flex_column av-kvwu5-d80db79c6881cdf574abffa8e1e25e59 av_one_fourth  avia-builder-el-9  el_after_av_hr  el_before_av_one_half  first flex_column_div av-zero-column-padding  '     ><\/div>\n\n<style type=\"text\/css\" data-created_by=\"avia_inline_auto\" id=\"style-css-av-gh6bx-8bb1a93536e3dd2b79ac309b6c8c8e70\">\n.flex_column.av-gh6bx-8bb1a93536e3dd2b79ac309b6c8c8e70{\nborder-radius:0px 0px 0px 0px;\npadding:0px 0px 0px 0px;\n}\n<\/style>\n<div  class='flex_column av-gh6bx-8bb1a93536e3dd2b79ac309b6c8c8e70 av_one_half  avia-builder-el-10  el_after_av_one_fourth  el_before_av_one_fourth  flex_column_div av-zero-column-padding  '     ><style type=\"text\/css\" data-created_by=\"avia_inline_auto\" id=\"style-css-av-jynb6wdl-ed8cab8b99cbea3dd5ca39ceb538d5d1\">\n.avia-image-container.av-jynb6wdl-ed8cab8b99cbea3dd5ca39ceb538d5d1 img.avia_image{\nbox-shadow:none;\n}\n.avia-image-container.av-jynb6wdl-ed8cab8b99cbea3dd5ca39ceb538d5d1 .av-image-caption-overlay-center{\ncolor:#ffffff;\n}\n<\/style>\n<div  class='avia-image-container av-jynb6wdl-ed8cab8b99cbea3dd5ca39ceb538d5d1 av-styling- avia-align-center  avia-builder-el-11  avia-builder-el-no-sibling '   itemprop=\"image\" itemscope=\"itemscope\" itemtype=\"https:\/\/schema.org\/ImageObject\" ><div class=\"avia-image-container-inner\"><div class=\"avia-image-overlay-wrap\"><img decoding=\"async\" fetchpriority=\"high\" class='wp-image-834 avia-img-lazy-loading-not-834 avia_image ' src=\"https:\/\/www.martina-fricke.com\/wp-content\/uploads\/2019\/08\/Mein_Coaching-1030x255.png\" alt='' title='Martina Fricke - Mein Coaching Deutschland'  height=\"255\" width=\"1030\"  itemprop=\"thumbnailUrl\" srcset=\"https:\/\/www.martina-fricke.com\/wp-content\/uploads\/2019\/08\/Mein_Coaching-1030x255.png 1030w, https:\/\/www.martina-fricke.com\/wp-content\/uploads\/2019\/08\/Mein_Coaching-300x74.png 300w, https:\/\/www.martina-fricke.com\/wp-content\/uploads\/2019\/08\/Mein_Coaching-768x190.png 768w, https:\/\/www.martina-fricke.com\/wp-content\/uploads\/2019\/08\/Mein_Coaching-1500x371.png 1500w, https:\/\/www.martina-fricke.com\/wp-content\/uploads\/2019\/08\/Mein_Coaching-705x174.png 705w, https:\/\/www.martina-fricke.com\/wp-content\/uploads\/2019\/08\/Mein_Coaching-450x111.png 450w, https:\/\/www.martina-fricke.com\/wp-content\/uploads\/2019\/08\/Mein_Coaching.png 1920w\" sizes=\"(max-width: 1030px) 100vw, 1030px\" \/><\/div><\/div><\/div><\/div>\n<style type=\"text\/css\" data-created_by=\"avia_inline_auto\" id=\"style-css-av-7o8lx-4e0be1f75c2de1625d6711d43595fbfd\">\n.flex_column.av-7o8lx-4e0be1f75c2de1625d6711d43595fbfd{\nborder-radius:0px 0px 0px 0px;\npadding:0px 0px 0px 0px;\n}\n<\/style>\n<div  class='flex_column av-7o8lx-4e0be1f75c2de1625d6711d43595fbfd av_one_fourth  avia-builder-el-12  el_after_av_one_half  el_before_av_one_fourth  flex_column_div av-zero-column-padding  '     ><\/div><\/p>\n\n<style type=\"text\/css\" data-created_by=\"avia_inline_auto\" id=\"style-css-av-kvwu5-d80db79c6881cdf574abffa8e1e25e59\">\n.flex_column.av-kvwu5-d80db79c6881cdf574abffa8e1e25e59{\nborder-radius:0px 0px 0px 0px;\npadding:0px 0px 0px 0px;\n}\n<\/style>\n<div  class='flex_column av-kvwu5-d80db79c6881cdf574abffa8e1e25e59 av_one_fourth  avia-builder-el-13  el_after_av_one_fourth  el_before_av_one_half  first flex_column_div av-zero-column-padding  column-top-margin'     ><\/div>\n\n<style type=\"text\/css\" data-created_by=\"avia_inline_auto\" id=\"style-css-av-gh6bx-08943026a8da8e9928e7bb38bb094652\">\n.flex_column.av-gh6bx-08943026a8da8e9928e7bb38bb094652{\nborder-radius:0px 0px 0px 0px;\npadding:0px 0px 20px 0px;\n}\n<\/style>\n<div  class='flex_column av-gh6bx-08943026a8da8e9928e7bb38bb094652 av_one_half  avia-builder-el-14  el_after_av_one_fourth  el_before_av_one_fourth  flex_column_div  column-top-margin'     ><style type=\"text\/css\" data-created_by=\"avia_inline_auto\" id=\"style-css-av-jynb20uo-c72e025b58c6912e882c7abbdf7f9412\">\n#top .av_textblock_section.av-jynb20uo-c72e025b58c6912e882c7abbdf7f9412 .avia_textblock{\nfont-size:19px;\n}\n<\/style>\n<section  class='av_textblock_section av-jynb20uo-c72e025b58c6912e882c7abbdf7f9412 '   itemscope=\"itemscope\" itemtype=\"https:\/\/schema.org\/CreativeWork\" ><div class='avia_textblock'  itemprop=\"text\" ><p>Mit meinem Coachingprogramm \u201eDie Potentialentdeckerin\u201c unterst\u00fctze ich Dich zu entdecken, was f\u00fcr wertvolles Potential in Dir steckt und was Du in Deinem Leben noch alles erreichen kannst.<\/p>\n<p>Ich biete Dir ein individuelles, ma\u00dfgeschneidertes Coaching auf Augenh\u00f6he an, kombiniert mit einer geh\u00f6rigen Portion Lebens- und Berufserfahrung.<\/p>\n<p>Als dein pers\u00f6nlicher Life Coach stehst Du f\u00fcr mich mit deinen W\u00fcnschen und Zielen im Mittelpunkt.<\/p>\n<p>Du erlebst im Coachingprozess unterschiedliche Life Coach Techniken und Tools.<\/p>\n<p>Es ist mir eine Herzensangelegenheit, in Dir das Feuer, die Leidenschaft und den Mut zu entfachen, den Wunsch nach Ver\u00e4nderung zu wecken, um voll durchzustarten.<\/p>\n<p>Dich auch dabei zu begleiten, wie Du Deine Ziele erreichen kannst und damit Du das Leben f\u00fchren kannst, von dem Du schon immer getr\u00e4umt hast.<\/p>\n<p>Im Rahmen meines Coachings mit Menschen aller Altersgruppen und Lebensbereichen gilt f\u00fcr mich folgendes Wertemotto \u201eNur wer sich selbst gut kennt, kann Menschen erreichen und f\u00fcr diese hilfreich sein.\u201c<\/p>\n<p>Ich m\u00f6chte f\u00fcr Dich ausschlie\u00dflich ein Prozessbegleiter sein, der als Resonanzk\u00f6rper und Spiegel dient, Dir Hinweise gibt und Dir Fragen stellt. Du selbst gehst deinen eigenen Weg, triffst selbst Entscheidungen und \u00fcbernimmst damit auch die Verantwortung f\u00fcr das eigene Handeln.<\/p>\n<p>F\u00fcr unsere Zusammenarbeit ist mir wichtig, dass Du meine Werte kennst.<\/p>\n<h3><\/h3>\n<p><strong>Wertsch\u00e4tzung<\/strong><br \/>\nF\u00fcr mich als Coach bedeutet die Wertsch\u00e4tzung die Grundhaltung des respektvollen Annehmens \u2013 sich selbst und meinen Coachees gegen\u00fcber. Die Wertsch\u00e4tzung beginnt immer bei Dir selbst! Du bist der Dreh- und Angelpunkt deines Seins. Mein Ehrenkodex lautet daher: Dir mit viel Liebe, Respekt, Anerkennung, Interesse und Aufmerksamkeit zu begegnen<\/p>\n<h4><\/h4>\n<p><strong>Vertrauen<\/strong><br \/>\nDie Grundlage f\u00fcr die Zusammenarbeit auf allen zwischenmenschlichen Ebenen ist Vertrauen. Nach diesem Prinzip arbeite ich schon seit vielen Jahren. Daher ist es f\u00fcr mich selbstverst\u00e4ndlich, dass alle Themen, die wir gemeinsam besprechen und bearbeiten, vertraulich behandelt werden.<\/p>\n<h4><\/h4>\n<p><strong>Wachstum<\/strong><br \/>\nMein Herzenswunsch ist es, Dich wachsen zu sehen. Wir setzen an der Stelle an, wo Du gerade im Leben stehst. Ich entfache in dir das Feuer, die Leidenschaft und den Mut, damit wir gemeinsam dein wertvolles Potential entdecken und entfalten k\u00f6nnen. Ich werde dich mit meiner Energie, meinem Wissen und dem Einsatz der verschiedensten Techniken zu 100 Prozent begleiten, damit du deine Ziele erreichst und das Leben f\u00fchren kannst, von dem du schon immer getr\u00e4umt hast.<\/p>\n<\/div><\/section><\/div>\n\n<style type=\"text\/css\" data-created_by=\"avia_inline_auto\" id=\"style-css-av-7o8lx-4e0be1f75c2de1625d6711d43595fbfd\">\n.flex_column.av-7o8lx-4e0be1f75c2de1625d6711d43595fbfd{\nborder-radius:0px 0px 0px 0px;\npadding:0px 0px 0px 0px;\n}\n<\/style>\n<div  class='flex_column av-7o8lx-4e0be1f75c2de1625d6711d43595fbfd av_one_fourth  avia-builder-el-16  el_after_av_one_half  el_before_av_hr  flex_column_div av-zero-column-padding  column-top-margin'     ><\/div>\n<div  class='hr av-jynavs37-4cf16c1df094e71b386c838f227bdf7c hr-short  avia-builder-el-17  el_after_av_one_fourth  el_before_av_one_fourth  hr-center'><span class='hr-inner '><span class=\"hr-inner-style\"><\/span><\/span><\/div>\n\n<style type=\"text\/css\" data-created_by=\"avia_inline_auto\" id=\"style-css-av-7k259-86986e0116142aa7c687999f79c306b9\">\n.flex_column.av-7k259-86986e0116142aa7c687999f79c306b9{\nborder-radius:0px 0px 0px 0px;\npadding:0px 0px 0px 0px;\n}\n<\/style>\n<div  class='flex_column av-7k259-86986e0116142aa7c687999f79c306b9 av_one_fourth  avia-builder-el-18  el_after_av_hr  el_before_av_one_fourth  first flex_column_div av-zero-column-padding  '     ><\/div>\n\n<style type=\"text\/css\" data-created_by=\"avia_inline_auto\" id=\"style-css-av-7k259-38d2013e519347947fca2fde1f3ed01f\">\n.flex_column.av-7k259-38d2013e519347947fca2fde1f3ed01f{\nborder-radius:0px 0px 0px 0px;\npadding:0px 0px 20px 0px;\n}\n<\/style>\n<div  class='flex_column av-7k259-38d2013e519347947fca2fde1f3ed01f av_one_fourth  avia-builder-el-19  el_after_av_one_fourth  el_before_av_one_fourth  flex_column_div  '     ><style type=\"text\/css\" data-created_by=\"avia_inline_auto\" id=\"style-css-av-jynas1ul-767277a4dd58c0dcce3ae015c50bf91f\">\n.iconbox.av-jynas1ul-767277a4dd58c0dcce3ae015c50bf91f .iconbox_icon{\nbackground-color:#ffffff;\nborder:1px solid #83a846;\ncolor:#83a846;\n}\n.iconbox.av-jynas1ul-767277a4dd58c0dcce3ae015c50bf91f .iconbox_icon.avia-svg-icon svg:first-child{\nfill:#83a846;\nstroke:#83a846;\n}\n#top #wrap_all .iconbox.av-jynas1ul-767277a4dd58c0dcce3ae015c50bf91f .iconbox_content_title{\ncolor:#83a846;\n}\n<\/style>\n<article  class='iconbox iconbox_left_content av-jynas1ul-767277a4dd58c0dcce3ae015c50bf91f  avia-builder-el-20  avia-builder-el-no-sibling '  itemscope=\"itemscope\" itemtype=\"https:\/\/schema.org\/CreativeWork\" ><div class='iconbox_icon heading-color avia-iconfont avia-font-entypo-fontello' data-av_icon='\ue837' data-av_iconfont='entypo-fontello'  ><\/div><div class=\"iconbox_content\"><header class=\"entry-content-header\" aria-label=\"Icon: Leichtigkeit\"><h3 class='iconbox_content_title '  itemprop=\"headline\" >Leichtigkeit<\/h3><\/header><div class='iconbox_content_container '  itemprop=\"text\" ><p>Bringe Leichtigkeit in Dein Leben.<br \/>\nDurch Loslassen von alten Verhaltensmustern.<\/p>\n<\/div><\/div><footer class=\"entry-footer\"><\/footer><\/article><\/div>\n\n<style type=\"text\/css\" data-created_by=\"avia_inline_auto\" id=\"style-css-av-7k259-2ebd1d1727bd00743ef3fbd5193eeb16\">\n.flex_column.av-7k259-2ebd1d1727bd00743ef3fbd5193eeb16{\nborder-radius:0px 0px 0px 0px;\npadding:0px 0px 0px 0px;\n}\n<\/style>\n<div  class='flex_column av-7k259-2ebd1d1727bd00743ef3fbd5193eeb16 av_one_fourth  avia-builder-el-21  el_after_av_one_fourth  el_before_av_one_fourth  flex_column_div av-zero-column-padding  '     ><style type=\"text\/css\" data-created_by=\"avia_inline_auto\" id=\"style-css-av-jynat8q1-38e16192e65597d4199e51c4e66eabef\">\n.iconbox.av-jynat8q1-38e16192e65597d4199e51c4e66eabef .iconbox_icon{\nborder:1px solid #edae44;\ncolor:#edae44;\n}\n.iconbox.av-jynat8q1-38e16192e65597d4199e51c4e66eabef .iconbox_icon.avia-svg-icon svg:first-child{\nfill:#edae44;\nstroke:#edae44;\n}\n#top #wrap_all .iconbox.av-jynat8q1-38e16192e65597d4199e51c4e66eabef .iconbox_content_title{\ncolor:#edae44;\n}\n<\/style>\n<article  class='iconbox iconbox_left_content av-jynat8q1-38e16192e65597d4199e51c4e66eabef  avia-builder-el-22  avia-builder-el-no-sibling '  itemscope=\"itemscope\" itemtype=\"https:\/\/schema.org\/CreativeWork\" ><div class='iconbox_icon heading-color avia-iconfont avia-font-entypo-fontello' data-av_icon='\ue82a' data-av_iconfont='entypo-fontello'  ><\/div><div class=\"iconbox_content\"><header class=\"entry-content-header\" aria-label=\"Icon: Neue Ziele\"><h3 class='iconbox_content_title '  itemprop=\"headline\" >Neue Ziele<\/h3><\/header><div class='iconbox_content_container '  itemprop=\"text\" ><p>Was will ich?<br \/>\nDiese Frage ist die Grundlage zur Festlegung der eigenen Ziele.<\/p>\n<\/div><\/div><footer class=\"entry-footer\"><\/footer><\/article><\/div>\n\n<style type=\"text\/css\" data-created_by=\"avia_inline_auto\" id=\"style-css-av-7k259-2ebd1d1727bd00743ef3fbd5193eeb16\">\n.flex_column.av-7k259-2ebd1d1727bd00743ef3fbd5193eeb16{\nborder-radius:0px 0px 0px 0px;\npadding:0px 0px 0px 0px;\n}\n<\/style>\n<div  class='flex_column av-7k259-2ebd1d1727bd00743ef3fbd5193eeb16 av_one_fourth  avia-builder-el-23  el_after_av_one_fourth  el_before_av_hr  flex_column_div av-zero-column-padding  '     ><\/div>\n<div  class='hr av-bo5xp-94067c3c295784a79f440af749f72b62 hr-default  avia-builder-el-24  el_after_av_one_fourth  el_before_av_section  avia-builder-el-last '><span class='hr-inner '><span class=\"hr-inner-style\"><\/span><\/span><\/div>\n<\/div><\/div><\/div><!-- close content main div --><\/div><\/div>\n<style type=\"text\/css\" data-created_by=\"avia_inline_auto\" id=\"style-css-av-jyj11d3h-b46b366131d4a66253298cf3959f3dd8\">\n.avia-section.av-jyj11d3h-b46b366131d4a66253298cf3959f3dd8{\nbackground-repeat:no-repeat;\nbackground-image:url(https:\/\/www.martina-fricke.com\/wp-content\/uploads\/2019\/07\/colour-1885352_1920-1030x728.jpg);\nbackground-position:0% 0%;\nbackground-attachment:fixed;\n}\n.avia-section.av-jyj11d3h-b46b366131d4a66253298cf3959f3dd8 .av-section-color-overlay{\nopacity:0.2;\nbackground-color:#000000;\n}\n<\/style>\n<div id='av_section_2'  class='avia-section av-jyj11d3h-b46b366131d4a66253298cf3959f3dd8 main_color avia-section-large avia-no-border-styling  avia-builder-el-25  el_after_av_hr  avia-builder-el-last  avia-full-stretch avia-bg-style-fixed av-section-color-overlay-active av-minimum-height av-minimum-height-custom av-height-custom  container_wrap fullsize'  data-section-bg-repeat='stretch' data-av_minimum_height_px='50'><div class=\"av-section-color-overlay-wrap\"><div class=\"av-section-color-overlay\"><\/div><div class='container av-section-cont-open' style='height:50px'><div class='template-page content  av-content-full alpha units'><div class='post-entry post-entry-type-page post-entry-213'><div class='entry-content-wrapper clearfix'>\n\n<style type=\"text\/css\" data-created_by=\"avia_inline_auto\" id=\"style-css-av-1g2pp-ffb6c016596ce8ac1402c23d684af84d\">\n.flex_column.av-1g2pp-ffb6c016596ce8ac1402c23d684af84d{\nborder-radius:0px 0px 0px 0px;\npadding:0px 0px 0px 0px;\n}\n<\/style>\n<div  class='flex_column av-1g2pp-ffb6c016596ce8ac1402c23d684af84d av_one_half  avia-builder-el-26  el_before_av_one_half  avia-builder-el-first  first flex_column_div av-zero-column-padding  '     ><style type=\"text\/css\" data-created_by=\"avia_inline_auto\" id=\"style-css-av-ber79-87aa1f89e50d7624b8056294c611c50c\">\n#top .av-special-heading.av-ber79-87aa1f89e50d7624b8056294c611c50c{\nmargin:0 0 0 30px;\npadding-bottom:5px;\ncolor:#ffffff;\nfont-size:3vw;\n}\nbody .av-special-heading.av-ber79-87aa1f89e50d7624b8056294c611c50c .av-special-heading-tag .heading-char{\nfont-size:25px;\n}\n#top #wrap_all .av-special-heading.av-ber79-87aa1f89e50d7624b8056294c611c50c .av-special-heading-tag{\nfont-size:3vw;\n}\n.av-special-heading.av-ber79-87aa1f89e50d7624b8056294c611c50c .special-heading-inner-border{\nborder-color:#ffffff;\n}\n.av-special-heading.av-ber79-87aa1f89e50d7624b8056294c611c50c .av-subheading{\nfont-size:15px;\n}\n\n@media only screen and (min-width: 480px) and (max-width: 767px){ \n#top #wrap_all .av-special-heading.av-ber79-87aa1f89e50d7624b8056294c611c50c .av-special-heading-tag{\nfont-size:0.8em;\n}\n}\n\n@media only screen and (max-width: 479px){ \n#top #wrap_all .av-special-heading.av-ber79-87aa1f89e50d7624b8056294c611c50c .av-special-heading-tag{\nfont-size:0.8em;\n}\n}\n<\/style>\n<div  class='av-special-heading av-ber79-87aa1f89e50d7624b8056294c611c50c av-special-heading-h5 custom-color-heading blockquote modern-quote  avia-builder-el-27  avia-builder-el-no-sibling  av-inherit-size'><h5 class='av-special-heading-tag '  itemprop=\"headline\"  >Kostenloses Erstgespr\u00e4ch<\/h5><div class=\"special-heading-border\"><div class=\"special-heading-inner-border\"><\/div><\/div><\/div><\/div>\n<style type=\"text\/css\" data-created_by=\"avia_inline_auto\" id=\"style-css-av-s5dd-f614894202b53f3534865e4bfd2b52ad\">\n.flex_column.av-s5dd-f614894202b53f3534865e4bfd2b52ad{\nborder-radius:0px 0px 0px 0px;\npadding:0px 0px 0px 0px;\n}\n<\/style>\n<div  class='flex_column av-s5dd-f614894202b53f3534865e4bfd2b52ad av_one_half  avia-builder-el-28  el_after_av_one_half  avia-builder-el-last  flex_column_div av-zero-column-padding  '     ><div  class='avia-button-wrap avia-button-center  avia-builder-el-29  avia-builder-el-no-sibling '>\n<style type=\"text\/css\" data-created_by=\"avia_inline_auto\" id=\"style-css-av-jyj1caml-dc9e8f518dfb16961f860a8da13a5419\">\n#top #wrap_all .avia-button.av-jyj1caml-dc9e8f518dfb16961f860a8da13a5419{\nbackground-color:#7f030c;\nborder-color:#7f030c;\ncolor:#ffffff;\ntransition:all 0.4s ease-in-out;\n}\n#top #wrap_all .avia-button.av-jyj1caml-dc9e8f518dfb16961f860a8da13a5419:hover{\nbackground-color:#edae44;\ncolor:#ffffff;\ntransition:all 0.4s ease-in-out;\n}\n#top #wrap_all .avia-button.av-jyj1caml-dc9e8f518dfb16961f860a8da13a5419 .avia-svg-icon svg:first-child{\nfill:#ffffff;\nstroke:#ffffff;\n}\n#top #wrap_all .avia-button.av-jyj1caml-dc9e8f518dfb16961f860a8da13a5419:hover .avia-svg-icon svg:first-child{\nfill:#ffffff;\nstroke:#ffffff;\n}\n<\/style>\n<a href='https:\/\/www.martina-fricke.com\/index.php\/gratis-coaching\/' class='avia-button avia-button-fullwidth av-jyj1caml-dc9e8f518dfb16961f860a8da13a5419 avia-icon_select-no avia-color-custom'   aria-label=\"Klick mich\"><span class='avia_iconbox_title' >Klick mich<\/span><\/a><\/div><\/div>\n\n","protected":false},"excerpt":{"rendered":"","protected":false},"author":3,"featured_media":0,"parent":0,"menu_order":0,"comment_status":"closed","ping_status":"closed","template":"","meta":{"_seopress_robots_primary_cat":"","_seopress_titles_title":"","_seopress_titles_desc":"","_seopress_robots_index":"","footnotes":""},"class_list":["post-213","page","type-page","status-publish","hentry"],"_links":{"self":[{"href":"https:\/\/www.martina-fricke.com\/index.php\/wp-json\/wp\/v2\/pages\/213","targetHints":{"allow":["GET"]}}],"collection":[{"href":"https:\/\/www.martina-fricke.com\/index.php\/wp-json\/wp\/v2\/pages"}],"about":[{"href":"https:\/\/www.martina-fricke.com\/index.php\/wp-json\/wp\/v2\/types\/page"}],"author":[{"embeddable":true,"href":"https:\/\/www.martina-fricke.com\/index.php\/wp-json\/wp\/v2\/users\/3"}],"replies":[{"embeddable":true,"href":"https:\/\/www.martina-fricke.com\/index.php\/wp-json\/wp\/v2\/comments?post=213"}],"version-history":[{"count":32,"href":"https:\/\/www.martina-fricke.com\/index.php\/wp-json\/wp\/v2\/pages\/213\/revisions"}],"predecessor-version":[{"id":837,"href":"https:\/\/www.martina-fricke.com\/index.php\/wp-json\/wp\/v2\/pages\/213\/revisions\/837"}],"wp:attachment":[{"href":"https:\/\/www.martina-fricke.com\/index.php\/wp-json\/wp\/v2\/media?parent=213"}],"curies":[{"name":"wp","href":"https:\/\/api.w.org\/{rel}","templated":true}]}}