{"id":29,"date":"2019-07-23T17:57:13","date_gmt":"2019-07-23T17:57:13","guid":{"rendered":"https:\/\/martina-fricke.com\/wordpress\/?page_id=29"},"modified":"2020-01-21T15:10:38","modified_gmt":"2020-01-21T15:10:38","slug":"start","status":"publish","type":"page","link":"https:\/\/www.martina-fricke.com\/","title":{"rendered":"Start"},"content":{"rendered":"<div id='full_slider_1'  class='avia-fullwidth-slider main_color avia-shadow   avia-builder-el-0  el_before_av_section  avia-builder-el-first   container_wrap fullsize'  ><div  class='avia-slideshow av-jyg5qfmd-8fecb30350ab41f0388364ab9209e296 avia-slideshow-featured av_slideshow_full avia-slide-slider av-slideshow-ui av-control-default av-slideshow-manual av-loop-once av-loop-manual-endless av-default-height-applied   avia-slideshow-1' data-slideshow-options=\"{&quot;animation&quot;:&quot;slide&quot;,&quot;autoplay&quot;:false,&quot;loop_autoplay&quot;:&quot;once&quot;,&quot;interval&quot;:5,&quot;loop_manual&quot;:&quot;manual-endless&quot;,&quot;autoplay_stopper&quot;:false,&quot;noNavigation&quot;:false,&quot;bg_slider&quot;:false,&quot;keep_padding&quot;:false,&quot;hoverpause&quot;:false,&quot;show_slide_delay&quot;:0}\"  itemprop=\"image\" itemscope=\"itemscope\" itemtype=\"https:\/\/schema.org\/ImageObject\" ><ul class='avia-slideshow-inner ' style='padding-bottom: 28.666666666667%;'><li  class='avia-slideshow-slide av-jyg5qfmd-8fecb30350ab41f0388364ab9209e296__0  av-single-slide slide-1 slide-odd'><div data-rel='slideshow-1' class='avia-slide-wrap '   ><img decoding=\"async\" fetchpriority=\"high\" class=\"wp-image-33 avia-img-lazy-loading-not-33\"  src=\"https:\/\/www.martina-fricke.com\/wp-content\/uploads\/2019\/07\/Header_evtl-1500x430.png\" width=\"1500\" height=\"430\" title='Coaching Martina Fricke Deutschland - Header' alt=''  itemprop=\"thumbnailUrl\"   \/><\/div><\/li><\/ul><\/div><\/div>\n\n<style type=\"text\/css\" data-created_by=\"avia_inline_auto\" id=\"style-css-av-jyj11d3h-4c64fcffec4f182d000bda456c6b5601\">\n.avia-section.av-jyj11d3h-4c64fcffec4f182d000bda456c6b5601{\nbackground-repeat:no-repeat;\nbackground-image:url(https:\/\/www.martina-fricke.com\/wp-content\/uploads\/2019\/07\/colour-1885352_1920-1030x728.jpg);\nbackground-position:0% 0%;\nbackground-attachment:fixed;\n}\n.avia-section.av-jyj11d3h-4c64fcffec4f182d000bda456c6b5601 .av-section-color-overlay{\nopacity:0.2;\nbackground-color:#000000;\n}\n<\/style>\n<div id='av_section_1'  class='avia-section av-jyj11d3h-4c64fcffec4f182d000bda456c6b5601 main_color avia-section-small avia-no-border-styling  avia-builder-el-1  el_after_av_slideshow_full  el_before_av_hr  avia-full-stretch avia-bg-style-fixed av-section-color-overlay-active av-minimum-height av-minimum-height-custom av-height-custom  container_wrap fullsize'  data-section-bg-repeat='stretch' data-av_minimum_height_px='5'><div class=\"av-section-color-overlay-wrap\"><div class=\"av-section-color-overlay\"><\/div><div class='container av-section-cont-open' style='height:5px'><div class='template-page content  av-content-full alpha units'><div class='post-entry post-entry-type-page post-entry-29'><div class='entry-content-wrapper clearfix'>\n\n<style type=\"text\/css\" data-created_by=\"avia_inline_auto\" id=\"style-css-av-k5o0hasp-6983f6f01da7fcefdbc0487e81bab184\">\n#top .av-special-heading.av-k5o0hasp-6983f6f01da7fcefdbc0487e81bab184{\nmargin:0 0 0 0;\npadding-bottom:0;\ncolor:#ffffff;\nfont-size:29px;\n}\nbody .av-special-heading.av-k5o0hasp-6983f6f01da7fcefdbc0487e81bab184 .av-special-heading-tag .heading-char{\nfont-size:25px;\n}\n#top #wrap_all .av-special-heading.av-k5o0hasp-6983f6f01da7fcefdbc0487e81bab184 .av-special-heading-tag{\nfont-size:29px;\n}\n.av-special-heading.av-k5o0hasp-6983f6f01da7fcefdbc0487e81bab184 .special-heading-inner-border{\nborder-color:#ffffff;\n}\n.av-special-heading.av-k5o0hasp-6983f6f01da7fcefdbc0487e81bab184 .av-subheading{\nfont-size:15px;\n}\n\n@media only screen and (min-width: 480px) and (max-width: 767px){ \n#top #wrap_all .av-special-heading.av-k5o0hasp-6983f6f01da7fcefdbc0487e81bab184 .av-special-heading-tag{\nfont-size:0.8em;\n}\n}\n\n@media only screen and (max-width: 479px){ \n#top #wrap_all .av-special-heading.av-k5o0hasp-6983f6f01da7fcefdbc0487e81bab184 .av-special-heading-tag{\nfont-size:0.8em;\n}\n}\n<\/style>\n<div  class='av-special-heading av-k5o0hasp-6983f6f01da7fcefdbc0487e81bab184 av-special-heading-h3 custom-color-heading blockquote modern-quote modern-centered  avia-builder-el-2  avia-builder-el-no-sibling  av-inherit-size'><h3 class='av-special-heading-tag '  itemprop=\"headline\"  >Die Potentialentdeckerin <span class='special_amp'>&amp;<\/span> Life Coach<\/h3><div class=\"special-heading-border\"><div class=\"special-heading-inner-border\"><\/div><\/div><\/div>\n<\/div><\/div><\/div><!-- close content main div --><\/div><\/div><\/div><div id='after_section_1'  class='main_color av_default_container_wrap container_wrap fullsize'  ><div class='container av-section-cont-open' ><div class='template-page content  av-content-full alpha units'><div class='post-entry post-entry-type-page post-entry-29'><div class='entry-content-wrapper clearfix'><div  class='hr av-1rvy1-380a9513dd278fbeea37f772a1807da4 hr-default  avia-builder-el-3  el_after_av_section  el_before_av_heading  avia-builder-el-first '><span class='hr-inner '><span class=\"hr-inner-style\"><\/span><\/span><\/div><\/p>\n\n<style type=\"text\/css\" data-created_by=\"avia_inline_auto\" id=\"style-css-av-av_heading-9d785dba81fe47f336c927b3ea153be8\">\n#top .av-special-heading.av-av_heading-9d785dba81fe47f336c927b3ea153be8{\nmargin:0 0 25px 0;\npadding-bottom:10px;\ncolor:#7f030c;\nfont-size:35px;\n}\nbody .av-special-heading.av-av_heading-9d785dba81fe47f336c927b3ea153be8 .av-special-heading-tag .heading-char{\nfont-size:25px;\n}\n#top #wrap_all .av-special-heading.av-av_heading-9d785dba81fe47f336c927b3ea153be8 .av-special-heading-tag{\nfont-size:35px;\n}\n.av-special-heading.av-av_heading-9d785dba81fe47f336c927b3ea153be8 .special-heading-inner-border{\nborder-color:#7f030c;\n}\n.av-special-heading.av-av_heading-9d785dba81fe47f336c927b3ea153be8 .av-subheading{\nfont-size:15px;\n}\n\n@media only screen and (min-width: 480px) and (max-width: 767px){ \n#top #wrap_all .av-special-heading.av-av_heading-9d785dba81fe47f336c927b3ea153be8 .av-special-heading-tag{\nfont-size:0.8em;\n}\n}\n\n@media only screen and (max-width: 479px){ \n#top #wrap_all .av-special-heading.av-av_heading-9d785dba81fe47f336c927b3ea153be8 .av-special-heading-tag{\nfont-size:0.8em;\n}\n}\n<\/style>\n<div  class='av-special-heading av-av_heading-9d785dba81fe47f336c927b3ea153be8 av-special-heading-h3 custom-color-heading blockquote modern-quote modern-centered  avia-builder-el-4  el_after_av_hr  el_before_av_hr  av-inherit-size'><h3 class='av-special-heading-tag '  itemprop=\"headline\"  >Entdecke dein wertvolles Potential!<\/h3><div class=\"special-heading-border\"><div class=\"special-heading-inner-border\"><\/div><\/div><\/div>\n<div  class='hr av-oii9-d25a96f8b83ae83bd985ba1568eeea19 hr-short  avia-builder-el-5  el_after_av_heading  el_before_av_one_fourth  hr-center'><span class='hr-inner '><span class=\"hr-inner-style\"><\/span><\/span><\/div>\n\n<style type=\"text\/css\" data-created_by=\"avia_inline_auto\" id=\"style-css-av-22s89-37a3afa11c2e0ae7026ef266b0d1d2fc\">\n.flex_column.av-22s89-37a3afa11c2e0ae7026ef266b0d1d2fc{\nborder-radius:0px 0px 0px 0px;\npadding:0px 0px 0px 0px;\n}\n<\/style>\n<div  class='flex_column av-22s89-37a3afa11c2e0ae7026ef266b0d1d2fc av_one_fourth  avia-builder-el-6  el_after_av_hr  el_before_av_one_half  first flex_column_div av-zero-column-padding  '     ><\/div>\n\n<style type=\"text\/css\" data-created_by=\"avia_inline_auto\" id=\"style-css-av-1pcth-56b5a9958d67b426c5b0d75b4184a139\">\n.flex_column.av-1pcth-56b5a9958d67b426c5b0d75b4184a139{\nborder-radius:0px 0px 0px 0px;\npadding:0px 0px 0px 0px;\n}\n<\/style>\n<div  class='flex_column av-1pcth-56b5a9958d67b426c5b0d75b4184a139 av_one_half  avia-builder-el-7  el_after_av_one_fourth  el_before_av_one_fourth  flex_column_div av-zero-column-padding  '     ><style type=\"text\/css\" data-created_by=\"avia_inline_auto\" id=\"style-css-av-jyj1rraa-dcf00db992bea0f0da2987bd27cd465e\">\n#top .av_textblock_section.av-jyj1rraa-dcf00db992bea0f0da2987bd27cd465e .avia_textblock{\nfont-size:19px;\n}\n<\/style>\n<section  class='av_textblock_section av-jyj1rraa-dcf00db992bea0f0da2987bd27cd465e '   itemscope=\"itemscope\" itemtype=\"https:\/\/schema.org\/CreativeWork\" ><div class='avia_textblock'  itemprop=\"text\" ><h3 style=\"text-align: center;\">Ich begleite Dich gerne auf Deinem individuellen Weg,<br \/>\num dein wertvolles Potential zu finden und zu entfalten,<br \/>\num das Leben f\u00fchren zu k\u00f6nnen, von dem du schon<br \/>\nimmer getr\u00e4umt hast.<\/h3>\n<\/div><\/section><\/div>\n<style type=\"text\/css\" data-created_by=\"avia_inline_auto\" id=\"style-css-av-13cax-ab71223fa66a3ff26dd23e4aaeb42713\">\n.flex_column.av-13cax-ab71223fa66a3ff26dd23e4aaeb42713{\nborder-radius:0px 0px 0px 0px;\npadding:0px 0px 0px 0px;\n}\n<\/style>\n<div  class='flex_column av-13cax-ab71223fa66a3ff26dd23e4aaeb42713 av_one_fourth  avia-builder-el-9  el_after_av_one_half  el_before_av_hr  flex_column_div av-zero-column-padding  '     ><\/div><\/p>\n\n<style type=\"text\/css\" data-created_by=\"avia_inline_auto\" id=\"style-css-av-jyj2nc3c-ff87a5582205360e6b2fa51e377b2aef\">\n#top .hr.hr-invisible.av-jyj2nc3c-ff87a5582205360e6b2fa51e377b2aef{\nheight:10px;\n}\n<\/style>\n<div  class='hr av-jyj2nc3c-ff87a5582205360e6b2fa51e377b2aef hr-invisible  avia-builder-el-10  el_after_av_one_fourth  el_before_av_hr '><span class='hr-inner '><span class=\"hr-inner-style\"><\/span><\/span><\/div>\n<div  class='hr av-jyj2lqz4-c76d891134c952ce81ffc2c44351a8f9 hr-short  avia-builder-el-11  el_after_av_hr  el_before_av_one_fourth  hr-center'><span class='hr-inner '><span class=\"hr-inner-style\"><\/span><\/span><\/div>\n\n<style type=\"text\/css\" data-created_by=\"avia_inline_auto\" id=\"style-css-av-22s89-37a3afa11c2e0ae7026ef266b0d1d2fc\">\n.flex_column.av-22s89-37a3afa11c2e0ae7026ef266b0d1d2fc{\nborder-radius:0px 0px 0px 0px;\npadding:0px 0px 0px 0px;\n}\n<\/style>\n<div  class='flex_column av-22s89-37a3afa11c2e0ae7026ef266b0d1d2fc av_one_fourth  avia-builder-el-12  el_after_av_hr  el_before_av_one_fourth  first flex_column_div av-zero-column-padding  '     ><\/div>\n\n<style type=\"text\/css\" data-created_by=\"avia_inline_auto\" id=\"style-css-av-2bicl-c297ac4ac7567ffa939f164bd524d854\">\n.flex_column.av-2bicl-c297ac4ac7567ffa939f164bd524d854{\nborder-radius:0px 0px 0px 0px;\npadding:0px 0px 0px 0px;\n}\n<\/style>\n<div  class='flex_column av-2bicl-c297ac4ac7567ffa939f164bd524d854 av_one_fourth  avia-builder-el-13  el_after_av_one_fourth  el_before_av_one_fourth  flex_column_div av-zero-column-padding  '     ><style type=\"text\/css\" data-created_by=\"avia_inline_auto\" id=\"style-css-av-jyj2jf9x-2f0c1e37855fcf69bc3fe09b254350d9\">\n.iconbox.av-jyj2jf9x-2f0c1e37855fcf69bc3fe09b254350d9 .iconbox_icon{\nborder:1px solid #83a846;\ncolor:#83a846;\n}\n.iconbox.av-jyj2jf9x-2f0c1e37855fcf69bc3fe09b254350d9 .iconbox_icon.avia-svg-icon svg:first-child{\nfill:#83a846;\nstroke:#83a846;\n}\n#top #wrap_all .iconbox.av-jyj2jf9x-2f0c1e37855fcf69bc3fe09b254350d9 .iconbox_content_title{\ncolor:#83a846;\n}\n<\/style>\n<article  class='iconbox iconbox_left_content av-jyj2jf9x-2f0c1e37855fcf69bc3fe09b254350d9  avia-builder-el-14  avia-builder-el-no-sibling '  itemscope=\"itemscope\" itemtype=\"https:\/\/schema.org\/CreativeWork\" ><div class='iconbox_icon heading-color avia-iconfont avia-font-entypo-fontello' data-av_icon='\ue863' data-av_iconfont='entypo-fontello'  ><\/div><div class=\"iconbox_content\"><header class=\"entry-content-header\" aria-label=\"Icon: Zeit f\u00fcr Sich\"><h3 class='iconbox_content_title '  itemprop=\"headline\" >Zeit f\u00fcr Sich<\/h3><\/header><div class='iconbox_content_container '  itemprop=\"text\" ><p>Finde Raum und Zeit f\u00fcr Dich.<br \/>\nDu bist der wichtigste Mensch in Deinem Leben.<\/p>\n<\/div><\/div><footer class=\"entry-footer\"><\/footer><\/article><\/div>\n\n<style type=\"text\/css\" data-created_by=\"avia_inline_auto\" id=\"style-css-av-1ofbx-5f99a7d1f64fdd493e31544251498dde\">\n.flex_column.av-1ofbx-5f99a7d1f64fdd493e31544251498dde{\nborder-radius:0px 0px 0px 0px;\npadding:0px 0px 0px 0px;\n}\n<\/style>\n<div  class='flex_column av-1ofbx-5f99a7d1f64fdd493e31544251498dde av_one_fourth  avia-builder-el-15  el_after_av_one_fourth  el_before_av_one_fourth  flex_column_div av-zero-column-padding  '     ><style type=\"text\/css\" data-created_by=\"avia_inline_auto\" id=\"style-css-av-jyj2kfks-c75551a32d34c3a7c1d9b21150561e7b\">\n.iconbox.av-jyj2kfks-c75551a32d34c3a7c1d9b21150561e7b .iconbox_icon{\nborder:1px solid #317fb7;\ncolor:#317fb7;\n}\n.iconbox.av-jyj2kfks-c75551a32d34c3a7c1d9b21150561e7b .iconbox_icon.avia-svg-icon svg:first-child{\nfill:#317fb7;\nstroke:#317fb7;\n}\n#top #wrap_all .iconbox.av-jyj2kfks-c75551a32d34c3a7c1d9b21150561e7b .iconbox_content_title{\ncolor:#317fb7;\n}\n<\/style>\n<article  class='iconbox iconbox_left_content av-jyj2kfks-c75551a32d34c3a7c1d9b21150561e7b  avia-builder-el-16  avia-builder-el-no-sibling '  itemscope=\"itemscope\" itemtype=\"https:\/\/schema.org\/CreativeWork\" ><div class='iconbox_icon heading-color avia-iconfont avia-font-entypo-fontello' data-av_icon='\ue8a1' data-av_iconfont='entypo-fontello'  ><\/div><div class=\"iconbox_content\"><header class=\"entry-content-header\" aria-label=\"Icon: Akkus wieder Aufladen\"><h3 class='iconbox_content_title '  itemprop=\"headline\" >Akkus wieder Aufladen<\/h3><\/header><div class='iconbox_content_container '  itemprop=\"text\" ><p>Denke an Deine Ressourcen und tanke Sie rechtzeitig wieder auf.<br \/>\nSei achtsam mit deinem K\u00f6rper. Sch\u00e4tze ihn und er wird es Dir danken.<\/p>\n<\/div><\/div><footer class=\"entry-footer\"><\/footer><\/article><\/div>\n\n<style type=\"text\/css\" data-created_by=\"avia_inline_auto\" id=\"style-css-av-13cax-ab71223fa66a3ff26dd23e4aaeb42713\">\n.flex_column.av-13cax-ab71223fa66a3ff26dd23e4aaeb42713{\nborder-radius:0px 0px 0px 0px;\npadding:0px 0px 0px 0px;\n}\n<\/style>\n<div  class='flex_column av-13cax-ab71223fa66a3ff26dd23e4aaeb42713 av_one_fourth  avia-builder-el-17  el_after_av_one_fourth  el_before_av_one_fourth  flex_column_div av-zero-column-padding  '     ><\/div>\n\n<style type=\"text\/css\" data-created_by=\"avia_inline_auto\" id=\"style-css-av-13cax-ecc53a0509302015cafba031f00715a7\">\n.flex_column.av-13cax-ecc53a0509302015cafba031f00715a7{\nborder-radius:0px 0px 0px 0px;\npadding:0px 0px 0px 0px;\n}\n<\/style>\n<div  class='flex_column av-13cax-ecc53a0509302015cafba031f00715a7 av_one_fourth  avia-builder-el-18  el_after_av_one_fourth  el_before_av_one_fourth  first flex_column_div av-zero-column-padding  column-top-margin'     ><\/div>\n\n<style type=\"text\/css\" data-created_by=\"avia_inline_auto\" id=\"style-css-av-2bicl-c297ac4ac7567ffa939f164bd524d854\">\n.flex_column.av-2bicl-c297ac4ac7567ffa939f164bd524d854{\nborder-radius:0px 0px 0px 0px;\npadding:0px 0px 0px 0px;\n}\n<\/style>\n<div  class='flex_column av-2bicl-c297ac4ac7567ffa939f164bd524d854 av_one_fourth  avia-builder-el-19  el_after_av_one_fourth  el_before_av_one_fourth  flex_column_div av-zero-column-padding  column-top-margin'     ><style type=\"text\/css\" data-created_by=\"avia_inline_auto\" id=\"style-css-av-jyj2jf9x-39a6e165554f103c64ccbaee48f20227\">\n.iconbox.av-jyj2jf9x-39a6e165554f103c64ccbaee48f20227 .iconbox_icon{\nborder:1px solid #af0000;\ncolor:#af0000;\n}\n.iconbox.av-jyj2jf9x-39a6e165554f103c64ccbaee48f20227 .iconbox_icon.avia-svg-icon svg:first-child{\nfill:#af0000;\nstroke:#af0000;\n}\n#top #wrap_all .iconbox.av-jyj2jf9x-39a6e165554f103c64ccbaee48f20227 .iconbox_content_title{\ncolor:#af0000;\n}\n<\/style>\n<article  class='iconbox iconbox_left_content av-jyj2jf9x-39a6e165554f103c64ccbaee48f20227  avia-builder-el-20  avia-builder-el-no-sibling '  itemscope=\"itemscope\" itemtype=\"https:\/\/schema.org\/CreativeWork\" ><div class='iconbox_icon heading-color avia-iconfont avia-font-entypo-fontello' data-av_icon='\ue882' data-av_iconfont='entypo-fontello'  ><\/div><div class=\"iconbox_content\"><header class=\"entry-content-header\" aria-label=\"Icon: Weg nach oben\"><h3 class='iconbox_content_title '  itemprop=\"headline\" >Weg nach oben<\/h3><\/header><div class='iconbox_content_container '  itemprop=\"text\" ><p>Du bist gr\u00f6\u00dfer als Du denkst! Ver\u00e4nderung bedeutet \u2013 Mut zum Tun!<br \/>\nDamit Du ein Leben f\u00fchren kannst, wie Du es Dir immer ertr\u00e4umt hast.<\/p>\n<\/div><\/div><footer class=\"entry-footer\"><\/footer><\/article><\/div>\n\n<style type=\"text\/css\" data-created_by=\"avia_inline_auto\" id=\"style-css-av-1ofbx-5f99a7d1f64fdd493e31544251498dde\">\n.flex_column.av-1ofbx-5f99a7d1f64fdd493e31544251498dde{\nborder-radius:0px 0px 0px 0px;\npadding:0px 0px 0px 0px;\n}\n<\/style>\n<div  class='flex_column av-1ofbx-5f99a7d1f64fdd493e31544251498dde av_one_fourth  avia-builder-el-21  el_after_av_one_fourth  el_before_av_one_fourth  flex_column_div av-zero-column-padding  column-top-margin'     ><style type=\"text\/css\" data-created_by=\"avia_inline_auto\" id=\"style-css-av-jyj2kfks-1179a5c261519046fee280b3d270dc6e\">\n.iconbox.av-jyj2kfks-1179a5c261519046fee280b3d270dc6e .iconbox_icon{\nborder:1px solid #edae44;\ncolor:#edae44;\n}\n.iconbox.av-jyj2kfks-1179a5c261519046fee280b3d270dc6e .iconbox_icon.avia-svg-icon svg:first-child{\nfill:#edae44;\nstroke:#edae44;\n}\n#top #wrap_all .iconbox.av-jyj2kfks-1179a5c261519046fee280b3d270dc6e .iconbox_content_title{\ncolor:#edae44;\n}\n<\/style>\n<article  class='iconbox iconbox_left_content av-jyj2kfks-1179a5c261519046fee280b3d270dc6e  avia-builder-el-22  avia-builder-el-no-sibling '  itemscope=\"itemscope\" itemtype=\"https:\/\/schema.org\/CreativeWork\" ><div class='iconbox_icon heading-color avia-iconfont avia-font-entypo-fontello' data-av_icon='\ue847' data-av_iconfont='entypo-fontello'  ><\/div><div class=\"iconbox_content\"><header class=\"entry-content-header\" aria-label=\"Icon: Alten Ballast los werden\"><h3 class='iconbox_content_title '  itemprop=\"headline\" >Alten Ballast los werden<\/h3><\/header><div class='iconbox_content_container '  itemprop=\"text\" ><p>Befreie Dich von deinem alten Ballast.<br \/>\nL\u00f6se Deine innere Handbremse!<\/p>\n<\/div><\/div><footer class=\"entry-footer\"><\/footer><\/article><\/div>\n\n<style type=\"text\/css\" data-created_by=\"avia_inline_auto\" id=\"style-css-av-13cax-ab71223fa66a3ff26dd23e4aaeb42713\">\n.flex_column.av-13cax-ab71223fa66a3ff26dd23e4aaeb42713{\nborder-radius:0px 0px 0px 0px;\npadding:0px 0px 0px 0px;\n}\n<\/style>\n<div  class='flex_column av-13cax-ab71223fa66a3ff26dd23e4aaeb42713 av_one_fourth  avia-builder-el-23  el_after_av_one_fourth  el_before_av_hr  flex_column_div av-zero-column-padding  column-top-margin'     ><\/div>\n<div  class='hr av-oii9-8ea3073eaab5e0fd4758963525cf8de3 hr-default  avia-builder-el-24  el_after_av_one_fourth  el_before_av_section  avia-builder-el-last '><span class='hr-inner '><span class=\"hr-inner-style\"><\/span><\/span><\/div>\n<\/div><\/div><\/div><!-- close content main div --><\/div><\/div>\n<style type=\"text\/css\" data-created_by=\"avia_inline_auto\" id=\"style-css-av-jyj11d3h-b46b366131d4a66253298cf3959f3dd8\">\n.avia-section.av-jyj11d3h-b46b366131d4a66253298cf3959f3dd8{\nbackground-repeat:no-repeat;\nbackground-image:url(https:\/\/www.martina-fricke.com\/wp-content\/uploads\/2019\/07\/colour-1885352_1920-1030x728.jpg);\nbackground-position:0% 0%;\nbackground-attachment:fixed;\n}\n.avia-section.av-jyj11d3h-b46b366131d4a66253298cf3959f3dd8 .av-section-color-overlay{\nopacity:0.2;\nbackground-color:#000000;\n}\n<\/style>\n<div id='av_section_2'  class='avia-section av-jyj11d3h-b46b366131d4a66253298cf3959f3dd8 main_color avia-section-large avia-no-border-styling  avia-builder-el-25  el_after_av_hr  avia-builder-el-last  avia-full-stretch avia-bg-style-fixed av-section-color-overlay-active av-minimum-height av-minimum-height-custom av-height-custom  container_wrap fullsize'  data-section-bg-repeat='stretch' data-av_minimum_height_px='50'><div class=\"av-section-color-overlay-wrap\"><div class=\"av-section-color-overlay\"><\/div><div class='container av-section-cont-open' style='height:50px'><div class='template-page content  av-content-full alpha units'><div class='post-entry post-entry-type-page post-entry-29'><div class='entry-content-wrapper clearfix'>\n","protected":false},"excerpt":{"rendered":"","protected":false},"author":3,"featured_media":0,"parent":0,"menu_order":0,"comment_status":"closed","ping_status":"closed","template":"","meta":{"_seopress_robots_primary_cat":"","_seopress_titles_title":"","_seopress_titles_desc":"","_seopress_robots_index":"","footnotes":""},"class_list":["post-29","page","type-page","status-publish","hentry"],"_links":{"self":[{"href":"https:\/\/www.martina-fricke.com\/index.php\/wp-json\/wp\/v2\/pages\/29","targetHints":{"allow":["GET"]}}],"collection":[{"href":"https:\/\/www.martina-fricke.com\/index.php\/wp-json\/wp\/v2\/pages"}],"about":[{"href":"https:\/\/www.martina-fricke.com\/index.php\/wp-json\/wp\/v2\/types\/page"}],"author":[{"embeddable":true,"href":"https:\/\/www.martina-fricke.com\/index.php\/wp-json\/wp\/v2\/users\/3"}],"replies":[{"embeddable":true,"href":"https:\/\/www.martina-fricke.com\/index.php\/wp-json\/wp\/v2\/comments?post=29"}],"version-history":[{"count":134,"href":"https:\/\/www.martina-fricke.com\/index.php\/wp-json\/wp\/v2\/pages\/29\/revisions"}],"predecessor-version":[{"id":930,"href":"https:\/\/www.martina-fricke.com\/index.php\/wp-json\/wp\/v2\/pages\/29\/revisions\/930"}],"wp:attachment":[{"href":"https:\/\/www.martina-fricke.com\/index.php\/wp-json\/wp\/v2\/media?parent=29"}],"curies":[{"name":"wp","href":"https:\/\/api.w.org\/{rel}","templated":true}]}}